= -2*y - 5*n, -y + 0*y = -5*n + 12. Suppose 4*u - y = 9. Suppose -23 = -3*i + 2*l - u*l, -2*l = 2. What is the remainder when 29 is divided by i?
5
Let i = -598 + 621. Calculate the remainder when 69 is divided by i.
0
Let v(w) = -44*w - 28. Let y = -120 - -116. What is the remainder when v(y) is divided by 38?
34
Suppose -430 = -44*y + y. What is the remainder when 25 is divided by y?
5
Suppose -6*b + 53 = 17. Let r = b + 7. Calculate the remainder when 25 is divided by r.
12
Suppose 4*r - 5 = -r. Let w(f) = 32*f**3 - f**2. Suppose -3*l + 117 + 153 = n, -3*n = -l + 100. What is the remainder when l is divided by w(r)?
29
Calculate the remainder when 113 is divided by -3 + 3 - (2 - (-4 + 18)).
5
Let n be (-10 - -7)*2/(-3). Suppose 0 = -n*r + 3*r - 6. Let p = r - 0. What is the remainder when 17 is divided by p?
5
Suppose 5*j = -5*n + 400, -10*j + 10 = -5*j. Calculate the remainder when 294 is divided by n.
60
Let u be (-3)/6*(-68)/2. Suppose -4*b + u + 23 = 0. Calculate the remainder when 45 is divided by (b/(-5))/((-1)/6).
9
Let r = -455 + 794. What is the remainder when r is divided by 19?
16
Let a(v) = v**3 + 3*v**2 - 1. Let s be a(-3). Let o be s + (132/(-2) - -2). What is the remainder when -3 - 1 - -8 - o is divided by 35?
34
Let c = -192 + 88. Let f = -37 - c. Calculate the remainder when f is divided by 23.
21
Let y be ((-12)/(-9))/(4/72). Let a be (20/(-16))/(2/y). Calculate the remainder when 37 is divided by 45/12*(-40)/a.
7
Let x(l) = -12*l**3 + l**2 + 2*l + 3. Suppose 2*k = 2*h + 4*k - 46, 3*h + 5*k - 65 = 0. What is the remainder when x(-2) is divided by h?
24
Suppose -4*f - 595 = -3*q, -5*q + 229 = -5*f - 771. Calculate the remainder when q is divided by 30.
25
Let q = 84 + -56. Calculate the remainder when (44/(-7))/(((-8)/q)/1) is divided by 9.
4
Suppose -2*l = 3*l - 135. Calculate the remainder when (-152)/114*(-225)/6 is divided by l.
23
Suppose -2*y + 0*y = -8. Suppose 4 = -3*h + y*h. Suppose h*q - 2*q - 42 = 0. What is the remainder when q is divided by 11?
10
Suppose 0 = 7*p - 3*p - 12. Suppose -3*v + 34 = b, -b = -v + p*b + 33. What is the remainder when v is divided by 7?
6
Let j = 493 - 449. Calculate the remainder when 263 is divided by j.
43
Suppose -3*g - 93 = -3*k, -g + 37 = 2*k - 34. What is the remainder when k is divided by 60/8*(-30)/(-9)?
9
What is the remainder when 85 is divided by ((2 - -3) + 0)*(-84)/(-10)?
1
Let a = -2 - -8. Suppose -5*d + 5*j - 125 = 0, 3*d + 4*j = 5*j - 75. What is the remainder when (16/(-10))/(2/d) is divided by a?
2
Let j be (-2)/(12/(-370)) - (-2)/6. Let t = j - 47. Let c = -19 + 28. What is the remainder when t is divided by c?
6
Suppose 0 = -10*s + 505 + 235. Calculate the remainder when 85 is divided by s.
11
Suppose 5*r + 5*d = 65, 4*r - 38 = 4*d + 38. What is the remainder when 51 is divided by r?
3
Let j = 229 - 223. Let a(c) = c**3 + 6*c**2 + 3*c + 5. Let h = -13 + 8. What is the remainder when a(h) is divided by j?
3
Let h be 4/(-10) + 76/(-10). What is the remainder when 95/4 - 2/h is divided by (-4)/(-10) - (-441)/35?
11
Suppose 18*t - 519 = 741. What is the remainder when 271 is divided by t?
61
Let l = 79 + 98. Calculate the remainder when l is divided by 60.
57
Suppose 0 = -16*x - 3*x - 76. What is the remainder when 10 is divided by (8/((-48)/6))/(2/x)?
0
Calculate the remainder when (-2 + 6)*((-630)/(-24) + 2) is divided by 38.
37
Suppose 106 + 32 = 2*q - 2*v, 5*q = -v + 357. What is the remainder when q is divided by 25?
21
Suppose 411 = -24*c + 1971. Calculate the remainder when 124 is divided by c.
59
Suppose -3*o - 2*o + 1155 = 0. Suppose 14*r - o = 7*r. What is the remainder when r is divided by 7?
5
Suppose 16 - 48 = 4*h + 3*a, -4*h - 40 = 5*a. Let f(k) = -2*k + 1. Suppose 456 + 426 = 21*t. What is the remainder when t is divided by f(h)?
9
Let f(g) = -g**3 - 10*g**2 - 23*g. Let x be f(-7). Suppose 0 = -19*k + x*k + 175. What is the remainder when 136 is divided by k?
31
Let z = 326 + -266. What is the remainder when z is divided by 16?
12
Suppose -5*i = f - i - 31, -f - 5*i = -35. What is the remainder when (-5)/f - 338/(-6) is divided by 20?
16
Let r be -2*(36/(-8))/(-3). Let a = -10 - r. Let m(s) = 2*s**3 + 14*s**2 - 5*s. What is the remainder when 102 is divided by m(a)?
32
Suppose 0 = 2*t - d - 202, -6*t - d = -4*t - 202. Suppose 0 = -t*h + 103*h - 26. Calculate the remainder when 23 is divided by h.
10
What is the remainder when (-1716)/(-42) + 17/119 is divided by 7?
6
Let a = -18 - -29. Let f(h) = -h**3 + 30*h**2 + 29*h + 102. What is the remainder when f(31) is divided by a?
7
Let o(b) = 21*b - 85. Calculate the remainder when o(9) is divided by 9.
5
Let h(m) = m**2 + 2*m - 2. Let u = -2 + 5. Suppose -4*o + 18 = 5*b, o - 6 = -2*b - u. What is the remainder when o is divided by h(-4)?
1
Let t(q) = -q**3 - 4*q**2 + 6*q - 7. Let w be t(-5). Let n = -5 - w. Suppose 33 = -4*r + n*r. Calculate the remainder when 43 is divided by r.
10
Suppose -7*k = -4*k - 6. Suppose -5*l + k*y = -30, 3*l + 2*y - 30 = 4. Calculate the remainder when 24 is divided by l.
0
Suppose 58*d = 31*d + 351. Calculate the remainder when d is divided by 22/3 - 2/(-3).
5
Suppose -155*h + 163*h - 160 = 0. Calculate the remainder when 379 is divided by h.
19
Let p(f) = 22*f + 202. Calculate the remainder when p(18) is divided by 50.
48
Let v = -1375 + 1714. What is the remainder when v is divided by 159?
21
Let v be (-1*(-3 + 4))/(5/15). Calculate the remainder when 38 is divided by ((-468)/(-54))/((-2)/v).
12
Let j(n) = -53*n**3 + n**2 + n. Let x = 5568 + -5550. Calculate the remainder when j(-1) is divided by x.
17
Suppose -18*s + 119 = -223. What is the remainder when 70 is divided by s?
13
What is the remainder when 2 + (-4 - -39) - -2 is divided by 34?
5
Let x = 19 - 16. Let d be (-39)/x*3 + -2. Let v = d + 76. Calculate the remainder when v is divided by 9.
8
Suppose -1216 = -181*i + 173*i. Calculate the remainder when i is divided by 58.
36
Suppose -3*g - 4*j = -1 - 0, -2*g - 3*j = 0. Calculate the remainder when (-3 + -2)/(g/(-15)) is divided by 13.
12
Let g(i) = -23*i**3 - 3*i**2 - 17*i - 28. Calculate the remainder when g(-2) is divided by 23.
17
Let p = 57 - 39. Suppose f = -2*f + p. What is the remainder when 9 is divided by f?
3
Suppose -5*t = i + 19 - 226, -5*i = 15. Let l = -158 + 180. Calculate the remainder when t is divided by l.
20
Let j be 4/(-14) + (-3380)/28. Let r = 267 + j. Suppose -44 - r = -5*v. What is the remainder when v is divided by 10?
8
Suppose -2*y + 3 - 135 = -2*b, -y + 2 = 0. What is the remainder when b is divided by 9?
5
Let z(j) = j**2 - 296*j - 1785. Let l be 2/(-3) + (-4)/(-6). What is the remainder when 0 + -1 + l + 54 is divided by z(-6)?
26
Let s(r) = -9 + 29*r**2 + r**3 - r**2 + 20*r - 6*r**2. What is the remainder when s(-21) is divided by 7?
5
Let y(a) = -6 - 5*a**2 + 7 - 2 - 5 + a**3 + 3*a. Calculate the remainder when 13 is divided by y(5).
4
Let z = 3 + 10. Let t = -5 - 1. What is the remainder when z is divided by ((-3)/t)/(2/28)?
6
Suppose 400 = -5*s - f, 3*f + f = 3*s + 217. Let y = -71 - s. Calculate the remainder when 2/2*(-47)/(-1) is divided by y.
7
What is the remainder when 197 is divided by ((-16)/((-640)/(-220)))/(2/(-12))?
32
Let g be ((-3)/9)/(3/(-72)). Suppose -4*x - 2*c = -200, g*x - 4*c = 3*x + 237. Let r = x + -33. What is the remainder when 47 is divided by r?
15
Let m(j) be the first derivative of -j**3/3 + 5*j**2 - 3*j + 2. Suppose 37 = 2*a + 5*s, 2*s + 0 = a + 4. What is the remainder when m(a) is divided by 8?
5
Let j = 81 - 77. Calculate the remainder when 24 is divided by j.
0
Let m = -9 + 18. Let h be 0 + 0 + (m - -4). Suppose -h = 6*u - 79. Calculate the remainder when 32 is divided by u.
10
Let w = -235 + 515. Suppose 3*z = -4*z + w. Calculate the remainder when z is divided by 21.
19
Suppose -15 = 5*f, 2*x = f + 258 + 87. Suppose 4*v - x = v. What is the remainder when v is divided by (0 - 3)*((-115)/15 - -1)?
17
Suppose 2*m - 11 + 13 = 0, 5*m + 11 = 2*c. Let o(j) = -4*j - 4. Calculate the remainder when o(-4) is divided by c.
0
Let t = -67 - -35. Let y = t - -52. What is the remainder when 72 is divided by y?
12
Let l = -875 + 923. What is the remainder when l is divided by 7?
6
Let h(g) = g**3 - 12 + 4*g - 